me factors of 31305137?
31305137
List the prime factors of 16139633.
2677, 6029
List the prime factors of 107726686.
2, 53863343
What are the prime factors of 39353963?
11, 17, 389, 541
List the prime factors of 614905063.
614905063
What are the prime factors of 220304938?
2, 7, 17, 29, 59, 541
List the prime factors of 7300804088.
2, 17, 53682383
What are the prime factors of 41525110?
2, 5, 11, 227, 1663
What are the prime factors of 3085489112?
2, 41, 131, 71809
What are the prime factors of 1885312?
2, 11, 13, 103
What are the prime factors of 1039656965?
5, 2389, 87037
List the prime factors of 1409776648.
2, 7, 513767
List the prime factors of 63929432.
2, 7, 1141597
What are the prime factors of 129578347?
19, 6819913
What are the prime factors of 109244311?
11, 9931301
What are the prime factors of 76251407?
76251407
What are the prime factors of 956812966?
2, 478406483
What are the prime factors of 78810209?
137, 575257
What are the prime factors of 13043920?
2, 5, 103, 1583
What are the prime factors of 901559245?
5, 8803, 20483
What are the prime factors of 66795652?
2, 7, 11, 17, 12757
List the prime factors of 109182896.
2, 6823931
What are the prime factors of 26888682?
2, 3, 1951, 2297
What are the prime factors of 70044549?
3, 43, 542981
What are the prime factors of 1477196486?
2, 241, 3064723
What are the prime factors of 69109612?
2, 11, 13, 19, 6359
List the prime factors of 41763373.
17, 73, 461
What are the prime factors of 44455398?
2, 3, 13, 41, 13901
List the prime factors of 35606717.
131, 271807
What are the prime factors of 231556514?
2, 7, 16539751
What are the prime factors of 36821072?
2, 43, 109, 491
What are the prime factors of 116367652?
2, 17, 1711289
What are the prime factors of 277899463?
1277, 217619
List the prime factors of 16188315.
3, 5, 11, 13, 7547
What are the prime factors of 45550027?
461, 98807
What are the prime factors of 454396325?
5, 18175853
List the prime factors of 648463084.
2, 19, 29, 31, 9491
List the prime factors of 49878225.
3, 5, 31, 7151
What are the prime factors of 1159568752?
2, 37, 1958731
List the prime factors of 7098650975.
5, 13, 193, 113171
List the prime factors of 48839373.
3, 11, 23, 89, 241
What are the prime factors of 1355810738?
2, 677905369
List the prime factors of 79387201.
229, 346669
What are the prime factors of 184204262?
2, 11, 61, 317, 433
What are the prime factors of 2185208058?
2, 3, 11, 23, 29, 49639
List the prime factors of 478851621.
3, 521, 306367
List the prime factors of 310416177.
3, 53, 757, 2579
What are the prime factors of 207438?
2, 3, 7, 11, 449
What are the prime factors of 177481722?
2, 3, 11, 83, 179, 181
What are the prime factors of 41181049?
7, 13, 452539
What are the prime factors of 19516843?
19516843
List the prime factors of 1963677554.
2, 7019, 139883
What are the prime factors of 2644012?
2, 7, 89, 1061
What are the prime factors of 66544172?
2, 73, 281, 811
What are the prime factors of 356369599?
107, 3330557
What are the prime factors of 1053014709?
3, 37, 1399, 6781
What are the prime factors of 3727347701?
7, 11, 463, 104551
List the prime factors of 12948368.
2, 809273
List the prime factors of 769535368.
2, 7, 701, 19603
List the prime factors of 87688514.
2, 59, 743123
What are the prime factors of 195976626?
2, 3, 32662771
List the prime factors of 111640495.
5, 22328099
What are the prime factors of 639756579?
3, 7, 11, 31, 41, 2179
List the prime factors of 1783594777.
23, 2017, 38447
What are the prime factors of 110814730?
2, 5, 13, 73, 11677
List the prime factors of 247175296.
2, 23, 113, 743
List the prime factors of 7664159.
59, 129901
What are the prime factors of 4671386094?
2, 3, 19, 31, 1321841
What are the prime factors of 556504008?
2, 3, 757, 30631
What are the prime factors of 74651483?
43, 397, 4373
List the prime factors of 3170575259.
17, 1249, 149323
List the prime factors of 43993322.
2, 19, 61, 18979
List the prime factors of 106574177.
106574177
What are the prime factors of 15233216?
2, 238019
What are the prime factors of 711640881?
3, 7, 71, 159097
List the prime factors of 553798165.
5, 110759633
List the prime factors of 8190207.
3, 303341
List the prime factors of 460383057.
3, 51153673
What are the prime factors of 197634722?
2, 23, 131, 32797
List the prime factors of 1617286803.
3, 11, 43, 67, 17011
List the prime factors of 3786086589.
3, 1262028863
What are the prime factors of 69432773?
69432773
List the prime factors of 2469375114.
2, 3, 29, 14191811
What are the prime factors of 8310764?
2, 7, 11, 223
What are the prime factors of 24513999?
3, 43, 190031
List the prime factors of 18973534.
2, 1523, 6229
What are the prime factors of 67544370?
2, 3, 5, 233, 3221
List the prime factors of 9069125.
5, 13, 5581
What are the prime factors of 1823832315?
3, 5, 41, 43, 79, 97
What are the prime factors of 4170752199?
3, 317, 1461883
What are the prime factors of 1389842747?
31, 44833637
List the prime factors of 293177737.
173, 587, 2887
What are the prime factors of 155436255?
3, 5, 13, 265703
List the prime factors of 923294125.
5, 13, 227, 2503
What are the prime factors of 67015514?
2, 23, 47, 139, 223
What are the prime factors of 961540736?
2, 13, 577849
List the prime factors of 75196036.
2, 18799009
List the prime factors of 187387649.
187387649
What are the prime factors of 74028585?
3, 5, 43, 114773
What are the prime factors of 149061220?
2, 5, 7, 11, 43, 2251
List the prime factors of 85364221.
167, 511163
What are the prime factors of 4717131792?
2, 3, 1879, 52301
List the prime factors of 1200023609.
31, 38710439
List the prime factors of 76989112.
2, 421, 22859
What are the prime factors of 658827316?
2, 7, 17, 1384091
What are the prime factors of 1600902?
2, 3, 19, 31, 151
What are the prime factors of 3705192966?
2, 3, 5101, 121061
What are the prime factors of 34519704?
2, 3, 41, 35081
List the prime factors of 200354853.
3, 7823, 8537
What are the prime factors of 1141350749?
7, 11, 3187, 4651
List the prime factors of 228330132.
2, 3, 541, 35171
List the prime factors of 114492646.
2, 79, 251, 2887
What are the prime factors of 857728429?
31, 27668659
List the prime factors of 121363434.
2, 3, 29, 79, 109
What are the prime factors of 2860528576?
2, 131, 271, 1259
List the prime factors of 1143961087.
181, 6320227
What are the prime factors of 291618483?
3, 13, 443, 16879
List the prime factors of 1136606260.
2, 5, 1013, 56101
List the prime factors of 21201987.
3, 29, 243701
What are the prime factors of 418451882?
2, 113, 1851557
List the prime factors of 43812373.
11, 79, 50417
What are the prime factors of 2407474?
2, 1009, 1193
What are the prime factors of 1721366205?
3, 5, 13, 733, 12043
What are the prime factors of 1314182010?
2, 3, 5, 89, 509, 967
What are the prime factors of 49474322?
2, 24737161
What are the prime factors of 3122424463?
3122424463
What are the prime factors of 59506310?
2, 5, 5950631
List the prime factors of 35386790.
2, 5, 677, 5227
List the prime factors of 316204304.
2, 13, 1520213
List the prime factors of 58472105.
5, 11694421
List the prime factors of 337795668.
2, 3, 7, 1340459
List the prime factors of 273218138.
2, 19, 37, 194323
List the prime factors of 1601794792.
2, 13, 15401873
What are the prime factors of 174496294?
2, 7, 12464021
List the prime factors of 240100907.
89, 2697763
List the prime factors of 25757273.
25757273
What are the prime factors of 3365794748?
2, 19, 44286773
List the prime factors of 1027049215.
5, 241, 852323
List the prime factors of 128999487.
3, 42999829
What are the prime factors of 25263064?
2, 47, 67189
What are the prime factors of 23087808?
2, 3, 31, 431
What are the prime factors of 1648791311?
1637, 1007203
What are the prime factors of 1172356432?
2, 13, 59, 95531
List the prime factors of 319869796.
2, 103, 167, 4649
List the prime factors of 9455474.
2, 7, 675391
List the prime factors of 4408860489.
3, 11, 709, 188437
List the prime factors of 327450643.
13, 601, 41911
What are the prime factors of 773452216?
2, 96681527
What are the prime factors of 2236972643?
53, 103, 409777
What are the prime factors of 154729859?
41, 863, 4373
List the prime factors of 63453099.
3, 3571, 5923